{"id":31,"date":"2014-07-29T15:03:23","date_gmt":"2014-07-29T13:03:23","guid":{"rendered":"http:\/\/31ppp.de\/peter-thormann\/?page_id=31"},"modified":"2014-08-21T17:37:04","modified_gmt":"2014-08-21T15:37:04","slug":"platzierungsort","status":"publish","type":"page","link":"https:\/\/31ppp.de\/peter-thormann\/platzierungsort\/","title":{"rendered":"Platzierungsort"},"content":{"rendered":"<div id=\"attachment_32\" style=\"width: 310px\" class=\"wp-caption alignnone\"><a href=\"http:\/\/31ppp.de\/peter-thormann\/wp-content\/uploads\/sites\/51\/2014\/07\/Valdosta_GA_crths01.jpg\"><img loading=\"lazy\" decoding=\"async\" aria-describedby=\"caption-attachment-32\" class=\"size-medium wp-image-32\" src=\"http:\/\/31ppp.de\/peter-thormann\/wp-content\/uploads\/sites\/51\/2014\/07\/Valdosta_GA_crths01-300x225.jpg\" alt=\"Lowndes County Courthouse \" width=\"300\" height=\"225\" srcset=\"https:\/\/31ppp.de\/peter-thormann\/wp-content\/uploads\/sites\/51\/2014\/07\/Valdosta_GA_crths01-300x225.jpg 300w, https:\/\/31ppp.de\/peter-thormann\/wp-content\/uploads\/sites\/51\/2014\/07\/Valdosta_GA_crths01-1024x768.jpg 1024w, https:\/\/31ppp.de\/peter-thormann\/wp-content\/uploads\/sites\/51\/2014\/07\/Valdosta_GA_crths01-624x467.jpg 624w\" sizes=\"auto, (max-width: 300px) 100vw, 300px\" \/><\/a><p id=\"caption-attachment-32\" class=\"wp-caption-text\">Lowndes County Courthouse<\/p><\/div>\n<p><strong>Georgia, Valdosta<\/strong><\/p>\n<p>Mit gro\u00dfer Spannung und Neugier, habe ich nun darauf gewartet, bis mein Platzierungsort bekannt gegeben wurde.<strong> Am 24.06.2014<\/strong>, bekam ich dann die erfreuliche Nachricht, dass es f\u00fcr mich\u00a0in den sch\u00f6nen Staat Georgia und in die Stadt Valdosta gehen wird. Die Menschen in Georgia, gelten als sehr aufgeschlossen und hilfsbereit, sodass ich mir sicher bin, dass ich mich dort schon bald sehr wohl f\u00fchlen werde.<\/p>\n<p>Von der Stadt Valdosta, habe ich bisher noch nie etwas geh\u00f6rt. Sie ist im \u00e4u\u00dfersten S\u00fcden von Georgia gelegen. Man kann schon sagen, dass Valdosta nahezu auf der Grenze zu Florida liegt. Fakt ist, dass ich schon mal keine Winterjacke ben\u00f6tige, da es dort in der Regel nie k\u00fchler als 10 Grad Celsius wird. Also Wahrlich ein Traum :-).<\/p>\n<p>Mit seinen derzeit rund 58.000 Einwohnern, geh\u00f6rt Valdosta zu den eher kleineren und beschaulicheren St\u00e4dtchen der USA, dennoch gibt es viel zu bestaunen. So ist zum Beispiel Tallahassee, die Hauptstadt Floridas, in nur 45 Fahrtminuten zu erreichen. Auch ist Atlanta, mit dem dort beheimateten NBA Verein, den Atlanta Hawks, in gut 4 Stunden zu erreichen. Alternativ kann man nat\u00fcrlich auch von Valdosta aus mit dem Flugzeug nach Atlanta reisen :-). Auch f\u00fcr Badespa\u00df ist gesorgt, denn ich kann mir f\u00f6rmlich aussuchen, ob ich eher an den Strand vom Golf von Mexico oder an den des Atlantiks fahren m\u00f6chte. Beide K\u00fcsten sind nur 2 Stunden Fahrweg mit dem Auto entfernt. Des weiteren gibt es in Valdosta einen coolen Themenpark und im Umkreis zahlreiche Nationalparks, sodass f\u00fcr jeden Geschmack etwas dabei ist.<\/p>\n<p>Eine weitere spannende Frage war auch gewesen, in welche Familie ich komme. Hier muss ich wirklich sagen, dass ich sehr viel Gl\u00fcck dabei hatte. Ich habe in dem Sinne keine klassische Familie, sondern werde mir mit Brantley ein Apartment teilen. Brantley ist 28 Jahre alt und besitzt eine Katze namens Boots, die mich vom Aussehen her an eine meiner fr\u00fcheren Katzen namens Moritz stark erinnert. Er ist wirklich ein fantastischer Kerl, denn seit dem 24.06. haben wir t\u00e4glich Kontakt miteinander. Wir wissen wirklich schon sehr viel voneinander und manchmal kommt es mir so vor, als wenn wir uns bereits ein Leben lang kennen w\u00fcrden. Er ist sehr an dem Projekt interessiert, da er bereits am 23\u00a0CBYX (PPP) teilgenommen hat. Somit bin ich mir sicher, dass wir uns gut erg\u00e4nzen werden und viel voneinander lernen k\u00f6nnen. Auch kommt das von mir so sehr gew\u00fcnschte amerikanische Leben nicht zu kurz, da seine Familie im Nachbarort Quitman wohnt und bereits angedeutet hat, dass ich zu s\u00e4mtlichen Familienfeiern herzlichst willkommen bin. Um ganz ehrlich zu sein, glaube ich, dass dieses Jahr unvergesslich f\u00fcr mich werden wird. \ud83d\ude42<\/p>\n","protected":false},"excerpt":{"rendered":"<p>Georgia, Valdosta Mit gro\u00dfer Spannung und Neugier, habe ich nun darauf gewartet, bis mein Platzierungsort bekannt gegeben wurde. Am 24.06.2014, bekam ich dann die erfreuliche Nachricht, dass es f\u00fcr mich\u00a0in den sch\u00f6nen Staat Georgia und in die Stadt Valdosta gehen wird. Die Menschen in Georgia, gelten als sehr aufgeschlossen und hilfsbereit, sodass ich mir sicher [&hellip;]<\/p>\n","protected":false},"author":45,"featured_media":37,"parent":0,"menu_order":0,"comment_status":"open","ping_status":"open","template":"","meta":{"_s2mail":"yes","footnotes":""},"class_list":["post-31","page","type-page","status-publish","has-post-thumbnail","hentry"],"_links":{"self":[{"href":"https:\/\/31ppp.de\/peter-thormann\/wp-json\/wp\/v2\/pages\/31","targetHints":{"allow":["GET"]}}],"collection":[{"href":"https:\/\/31ppp.de\/peter-thormann\/wp-json\/wp\/v2\/pages"}],"about":[{"href":"https:\/\/31ppp.de\/peter-thormann\/wp-json\/wp\/v2\/types\/page"}],"author":[{"embeddable":true,"href":"https:\/\/31ppp.de\/peter-thormann\/wp-json\/wp\/v2\/users\/45"}],"replies":[{"embeddable":true,"href":"https:\/\/31ppp.de\/peter-thormann\/wp-json\/wp\/v2\/comments?post=31"}],"version-history":[{"count":8,"href":"https:\/\/31ppp.de\/peter-thormann\/wp-json\/wp\/v2\/pages\/31\/revisions"}],"predecessor-version":[{"id":68,"href":"https:\/\/31ppp.de\/peter-thormann\/wp-json\/wp\/v2\/pages\/31\/revisions\/68"}],"wp:featuredmedia":[{"embeddable":true,"href":"https:\/\/31ppp.de\/peter-thormann\/wp-json\/wp\/v2\/media\/37"}],"wp:attachment":[{"href":"https:\/\/31ppp.de\/peter-thormann\/wp-json\/wp\/v2\/media?parent=31"}],"curies":[{"name":"wp","href":"https:\/\/api.w.org\/{rel}","templated":true}]}}