{"id":73,"date":"2014-06-26T15:06:15","date_gmt":"2014-06-26T13:06:15","guid":{"rendered":"http:\/\/31ppp.de\/nils-koch\/?page_id=73"},"modified":"2014-06-26T16:11:20","modified_gmt":"2014-06-26T14:11:20","slug":"ueber-das-ppp","status":"publish","type":"page","link":"https:\/\/31ppp.de\/nils-koch\/?page_id=73","title":{"rendered":"\u00dcber das PPP"},"content":{"rendered":"<p>Das Parlamentarische Patenschafts-Programm wurde 1983 aus Anlass des 300. Jahrestages der ersten Deutschen Einwanderung gemeinsam vom Kongress der Vereinigten Staaten von Amerika und dem Deutschen Bundestag beschlossen. Dieses Austauschprogramm soll der jungen Generation in beiden L\u00e4ndern die Bedeutung freundschaftlicher Zusammenarbeit, die auf gemeinsamen politischen und kulturellen Wertevorstellungen beruht, auf anschauliche Weise vermitteln.<\/p>\n<h2>Programmziele<\/h2>\n<ul>\n<li>F\u00f6rderung des interkulturellen Verst\u00e4ndnisses von jungen Berufst\u00e4tigen durch das kennen lernen der Amerikanischen<\/li>\n<li>Kultur, Mentalit\u00e4t und Lebensweise<\/li>\n<li>Vertiefung der deutsch-amerikanischen Beziehungen<\/li>\n<li>Verbesserung der Fremdsprachenkenntnisse<\/li>\n<li>Erg\u00e4nzung von beruflichen Kenntnissen und Fertigkeiten<\/li>\n<\/ul>\n<h2>Programmablauf<\/h2>\n<ul>\n<li>Vorbereitungsseminare in Deutschland und New York<\/li>\n<li>Homestayprogramm und Einf\u00fchrungsphase ca. 2 Wochen<\/li>\n<li>Studium am Community College oder \u00e4hnlicher Bildungseinrichtung f\u00fcr 1 Semester<\/li>\n<li>Berufsbezogenes Praktikum, Dauer ca. 6 Monate<\/li>\n<li>Unterbringung in einer amerikanischen Gastfamilie<\/li>\n<li>Auswertungsseminare in Washington D.C. und Deutschland<\/li>\n<\/ul>\n<h2>Teilnahmevoraussetzungen<\/h2>\n<p>Junge Berufst\u00e4tige aus dem kaufm\u00e4nnischen, technischen, handwerklichen und landwirtschaftlichen Bereich mit abgeschlossener Berufsausbildung zum Zeitpunkt der Ausreise und mindestens 16 Jahre, aber h\u00f6chstens 24 Jahre alt sind.<\/p>\n<h2>Finanzierung<\/h2>\n<p>Finanzierung aller unmittelbarer Kosten durch den Deutschen Bundestag und den Amerikanischen Kongress \u2013 mindestens jedoch 4.000 Euro Eigenmittel.<\/p>\n<p><a href=\"http:\/\/www.bundestag.de\/bundestag\/europa_internationales\/internat_austausch\/ppp\/index.html\">Ausf\u00fchrliche Informationen zum Programm (Seite des Deutschen Bundestages)<\/a><\/p>\n<p>Quelle: <a href=\"http:\/\/www.ppp-alumni.de\/artIndex.php?action=view&amp;nId=31\">http:\/\/www.ppp-alumni.de\/artIndex.php?action=view&amp;nId=31<\/a><\/p>\n","protected":false},"excerpt":{"rendered":"<p>Das Parlamentarische Patenschafts-Programm wurde 1983 aus Anlass des 300. Jahrestages der ersten Deutschen Einwanderung gemeinsam vom Kongress der Vereinigten Staaten von Amerika und dem Deutschen Bundestag beschlossen. Dieses Austauschprogramm soll der jungen Generation in beiden L\u00e4ndern die Bedeutung freundschaftlicher Zusammenarbeit, die auf gemeinsamen politischen und kulturellen Wertevorstellungen beruht, auf anschauliche Weise vermitteln. Programmziele F\u00f6rderung des [&hellip;]<\/p>\n","protected":false},"author":11,"featured_media":0,"parent":0,"menu_order":0,"comment_status":"open","ping_status":"open","template":"","meta":{"_s2mail":"","footnotes":""},"class_list":["post-73","page","type-page","status-publish","hentry"],"_links":{"self":[{"href":"https:\/\/31ppp.de\/nils-koch\/index.php?rest_route=\/wp\/v2\/pages\/73","targetHints":{"allow":["GET"]}}],"collection":[{"href":"https:\/\/31ppp.de\/nils-koch\/index.php?rest_route=\/wp\/v2\/pages"}],"about":[{"href":"https:\/\/31ppp.de\/nils-koch\/index.php?rest_route=\/wp\/v2\/types\/page"}],"author":[{"embeddable":true,"href":"https:\/\/31ppp.de\/nils-koch\/index.php?rest_route=\/wp\/v2\/users\/11"}],"replies":[{"embeddable":true,"href":"https:\/\/31ppp.de\/nils-koch\/index.php?rest_route=%2Fwp%2Fv2%2Fcomments&post=73"}],"version-history":[{"count":1,"href":"https:\/\/31ppp.de\/nils-koch\/index.php?rest_route=\/wp\/v2\/pages\/73\/revisions"}],"predecessor-version":[{"id":74,"href":"https:\/\/31ppp.de\/nils-koch\/index.php?rest_route=\/wp\/v2\/pages\/73\/revisions\/74"}],"wp:attachment":[{"href":"https:\/\/31ppp.de\/nils-koch\/index.php?rest_route=%2Fwp%2Fv2%2Fmedia&parent=73"}],"curies":[{"name":"wp","href":"https:\/\/api.w.org\/{rel}","templated":true}]}}