{"id":526,"date":"2014-09-25T06:44:17","date_gmt":"2014-09-25T04:44:17","guid":{"rendered":"http:\/\/31ppp.de\/lara-lempp\/?page_id=526"},"modified":"2016-03-06T23:45:42","modified_gmt":"2016-03-06T21:45:42","slug":"lisa-bonengel","status":"publish","type":"page","link":"https:\/\/31ppp.de\/lara-lempp\/lisa-bonengel\/","title":{"rendered":"Lisa"},"content":{"rendered":"<p>Da ich nach M\u00f6glichkeit Zeit mit Lisa verbringe, tut es mir Leid, dass ich sie bis jetzt noch gar nicht richtig vorgestellt habe.<\/p>\n<p>Lisa kommt aus bei Aschaffenburg in Bayern, ist aber sehr nah an Frankfurt und somit gar nicht so weit weg von Kassel. Das ist au\u00dferdem praktisch weil ich immer sagen kann ich komme von \u00fcber Frankfurt und Lisa von\u00a0fast drunter.<\/p>\n<p>Ihre Eltern f\u00fchren ein Gasthaus\/Wirtshaus, was immer sehr lustig zu erkl\u00e4ren ist, somit ist ihr die Gastronomie auch nicht unbekannt. Sie hat zwei Ausbildungen gemacht und ist somit sowohl Kauffrau f\u00fcr B\u00fcrokommunikation sowie Euro-Management Assistentin.<\/p>\n<p>Ihr Hobby ist es sch\u00f6ne Videos zu machen und darum kann ich euch nur empfehlen, ihren Blog ebenfalls anzusehen, denn da sind ein paar enthalten.<\/p>\n<p>Blog:\u00a0<a title=\"Lisa's Blog\" href=\"http:\/\/www.31ppp.de\/lisa\/\" target=\"_blank\">http:\/\/www.31ppp.de\/lisa\/<\/a><\/p>\n<p>Wir beide sind Sch\u00fctzinnen, sie wird im Dezember 2014 ganze 22 Jahre alt. So jung&#8230;<\/p>\n<p>Abgesehen davon ist Lisa auch diejenige der ihr zu verdanken habt, dass es \u00fcberhaupt Photos von mir gibt. Wenn ihr davon ein paar sehen wollt, findet ihr die im Gruppenbilder-Ordner.<\/p>\n<p>&nbsp;<\/p>\n<p>Wir k\u00f6nnten bestimmt nicht unterschiedlicher sein &#8211; und haben super viel Spa\u00df zusammen!<\/p>\n<p>So dear Lisa: Thank you for being my friend, I love you!<\/p>\n<p>&nbsp;<\/p>\n<p>PS: Au\u00dferdem ist sie im Besitz von Pumpernickel und auf so eine Connection kann ich nat\u00fcrlich unm\u00f6glich verzichten!<\/p>\n<p><a href=\"http:\/\/31ppp.de\/lara-lempp\/wp-content\/uploads\/sites\/68\/2014\/09\/15314541276_453bd11b79_z.jpg\"><img loading=\"lazy\" decoding=\"async\" class=\"alignnone wp-image-557\" src=\"http:\/\/31ppp.de\/lara-lempp\/wp-content\/uploads\/sites\/68\/2014\/09\/15314541276_453bd11b79_z-300x225.jpg\" alt=\"15314541276_453bd11b79_z\" width=\"469\" height=\"352\" srcset=\"https:\/\/31ppp.de\/lara-lempp\/wp-content\/uploads\/sites\/68\/2014\/09\/15314541276_453bd11b79_z-300x225.jpg 300w, https:\/\/31ppp.de\/lara-lempp\/wp-content\/uploads\/sites\/68\/2014\/09\/15314541276_453bd11b79_z.jpg 640w\" sizes=\"auto, (max-width: 469px) 100vw, 469px\" \/><\/a><\/p>\n<p>&nbsp;<\/p>\n<p>&nbsp;<\/p>\n<p>&nbsp;<\/p>\n","protected":false},"excerpt":{"rendered":"<p>Da ich nach M\u00f6glichkeit Zeit mit Lisa verbringe, tut es mir Leid, dass ich sie bis jetzt noch gar nicht richtig vorgestellt habe. Lisa kommt aus bei Aschaffenburg in Bayern, ist aber sehr nah an Frankfurt und somit gar nicht so weit weg von Kassel. Das ist au\u00dferdem praktisch weil ich immer sagen kann ich [&hellip;]<\/p>\n","protected":false},"author":61,"featured_media":1080,"parent":0,"menu_order":0,"comment_status":"open","ping_status":"open","template":"","meta":{"_s2mail":"yes","footnotes":""},"class_list":["post-526","page","type-page","status-publish","has-post-thumbnail","hentry"],"_links":{"self":[{"href":"https:\/\/31ppp.de\/lara-lempp\/wp-json\/wp\/v2\/pages\/526","targetHints":{"allow":["GET"]}}],"collection":[{"href":"https:\/\/31ppp.de\/lara-lempp\/wp-json\/wp\/v2\/pages"}],"about":[{"href":"https:\/\/31ppp.de\/lara-lempp\/wp-json\/wp\/v2\/types\/page"}],"author":[{"embeddable":true,"href":"https:\/\/31ppp.de\/lara-lempp\/wp-json\/wp\/v2\/users\/61"}],"replies":[{"embeddable":true,"href":"https:\/\/31ppp.de\/lara-lempp\/wp-json\/wp\/v2\/comments?post=526"}],"version-history":[{"count":9,"href":"https:\/\/31ppp.de\/lara-lempp\/wp-json\/wp\/v2\/pages\/526\/revisions"}],"predecessor-version":[{"id":1211,"href":"https:\/\/31ppp.de\/lara-lempp\/wp-json\/wp\/v2\/pages\/526\/revisions\/1211"}],"wp:featuredmedia":[{"embeddable":true,"href":"https:\/\/31ppp.de\/lara-lempp\/wp-json\/wp\/v2\/media\/1080"}],"wp:attachment":[{"href":"https:\/\/31ppp.de\/lara-lempp\/wp-json\/wp\/v2\/media?parent=526"}],"curies":[{"name":"wp","href":"https:\/\/api.w.org\/{rel}","templated":true}]}}