{"id":2,"date":"2014-07-10T09:34:40","date_gmt":"2014-07-10T07:34:40","guid":{"rendered":"http:\/\/31ppp.de\/isabell-schmaus\/?page_id=2"},"modified":"2014-11-11T03:39:33","modified_gmt":"2014-11-11T01:39:33","slug":"ueber-mich","status":"publish","type":"page","link":"https:\/\/31ppp.de\/isabell-schmaus\/ueber-mich\/","title":{"rendered":"\u00dcber mich"},"content":{"rendered":"<h2>Hallo Zusammen!<\/h2>\n<p>Ich hei\u00dfe Isabell Schmaus, bin 20 Jahre alt und komme aus Au bei P\u00f6ttmes, einem Ort in Bayern.<\/p>\n<p>Seit Februar 2014 habe ich meine Ausbildung zur Industriekauffrau erfolgreich bei der MT Aerospace AG in Augsburg abgeschlossen. Anschlie\u00dfend wurde ich \u00fcbernommen und konnte noch ein wenig Berufserfahrung sammeln.<\/p>\n<p>Und jetzt hei\u00dft es erst mal 1 Jahr weg von Zuhause&#8230; in die USA!<\/p>\n<p>Am 05. August 2014 werde ich mit 74 anderen PPP-Teilnehmern vom Frankfurter Flughafen aus nach New York fliegen. Das erste halbe Jahr des Programms besucht man ein College und belegt Kurse in seiner jeweiligen Ausbildungsrichtung und der zweite Teil des Jahres besteht darin, in einem amerikanischen Unternehmen Berufserfahrung zu sammeln.<\/p>\n<p>Ich darf f\u00fcr den Wahlkreis 254 (Donau-Ries), mit Frau Gabriele\u00a0Fograscher (SPD) als\u00a0meine Patin,\u00a0in die USA fliegen.<\/p>\n<p>In meinem Blog werde ich versuchen, regelm\u00e4\u00dfig von meinen Erfahrungen zu berichten.<\/p>\n<p>F\u00fcr alle, die gern mehr \u00fcber das Programm wissen m\u00f6chten, hab ich hier noch einen Link:<\/p>\n<p><a href=\"https:\/\/www.bundestag.de\/ppp\">https:\/\/www.bundestag.de\/ppp<\/a><\/p>\n<p><a href=\"http:\/\/31ppp.de\/isabell-schmaus\/wp-content\/uploads\/sites\/39\/2014\/07\/pic.jpg\"><img loading=\"lazy\" decoding=\"async\" class=\"size-medium wp-image-26 alignleft\" src=\"http:\/\/31ppp.de\/isabell-schmaus\/wp-content\/uploads\/sites\/39\/2014\/07\/pic-215x300.jpg\" alt=\"pic\" width=\"215\" height=\"300\" srcset=\"https:\/\/31ppp.de\/isabell-schmaus\/wp-content\/uploads\/sites\/39\/2014\/07\/pic-215x300.jpg 215w, https:\/\/31ppp.de\/isabell-schmaus\/wp-content\/uploads\/sites\/39\/2014\/07\/pic.jpg 474w\" sizes=\"auto, (max-width: 215px) 100vw, 215px\" \/><\/a><\/p>\n","protected":false},"excerpt":{"rendered":"<p>Hallo Zusammen! Ich hei\u00dfe Isabell Schmaus, bin 20 Jahre alt und komme aus Au bei P\u00f6ttmes, einem Ort in Bayern. Seit Februar 2014 habe ich meine Ausbildung zur Industriekauffrau erfolgreich bei der MT Aerospace AG in Augsburg abgeschlossen. Anschlie\u00dfend wurde ich \u00fcbernommen und konnte noch ein wenig Berufserfahrung sammeln. Und jetzt hei\u00dft es erst mal [&hellip;]<\/p>\n","protected":false},"author":3,"featured_media":0,"parent":0,"menu_order":0,"comment_status":"closed","ping_status":"closed","template":"","meta":{"_s2mail":"yes","footnotes":""},"class_list":["post-2","page","type-page","status-publish","hentry"],"_links":{"self":[{"href":"https:\/\/31ppp.de\/isabell-schmaus\/wp-json\/wp\/v2\/pages\/2","targetHints":{"allow":["GET"]}}],"collection":[{"href":"https:\/\/31ppp.de\/isabell-schmaus\/wp-json\/wp\/v2\/pages"}],"about":[{"href":"https:\/\/31ppp.de\/isabell-schmaus\/wp-json\/wp\/v2\/types\/page"}],"author":[{"embeddable":true,"href":"https:\/\/31ppp.de\/isabell-schmaus\/wp-json\/wp\/v2\/users\/3"}],"replies":[{"embeddable":true,"href":"https:\/\/31ppp.de\/isabell-schmaus\/wp-json\/wp\/v2\/comments?post=2"}],"version-history":[{"count":11,"href":"https:\/\/31ppp.de\/isabell-schmaus\/wp-json\/wp\/v2\/pages\/2\/revisions"}],"predecessor-version":[{"id":309,"href":"https:\/\/31ppp.de\/isabell-schmaus\/wp-json\/wp\/v2\/pages\/2\/revisions\/309"}],"wp:attachment":[{"href":"https:\/\/31ppp.de\/isabell-schmaus\/wp-json\/wp\/v2\/media?parent=2"}],"curies":[{"name":"wp","href":"https:\/\/api.w.org\/{rel}","templated":true}]}}